2*b, b - 54 = -h - 4*b. Suppose 0 = -11*f + h - 4. Calculate the remainder when f is divided by 3.
2
Let w(t) = -142*t + 935. What is the remainder when w(3) is divided by 81?
23
Let b = -15091 + 18377. Calculate the remainder when b is divided by 30.
16
Suppose 11*l = 16*l - 65. Suppose 0 = -17*z + l*z + 104. What is the remainder when 154 is divided by z?
24
Let v be (((-805)/(-14))/(-5))/(2/(-4)). Let w = -22 + v. Calculate the remainder when 125 is divided by (-6)/2 - -17*w/1.
13
Let p = 6634 + -6452. Calculate the remainder when 581 is divided by p.
35
Calculate the remainder when 4238/6 - (-2)/(-6) is divided by (-147125)/(-2475) + (-1 - (-10)/18).
57
Suppose r + 2*r - 72 = 0. What is the remainder when 7 + 0 + 8*(-300)/(-15) is divided by r?
23
Suppose 21*y - 6*y = 27004 + 14006. Calculate the remainder when y is divided by 36.
34
Suppose -u = -2*w + 194, 2*w + 151 = -5*u - 771. Let k = -178 - u. Calculate the remainder when 13 is divided by k.
5
Calculate the remainder when (69 - 10) + 2*9/(-6) is divided by (30/4)/((-6)/(-12)).
11
Let b(x) = 35*x + 1438. What is the remainder when b(-16) is divided by 147?
143
Suppose 2*z = 3*m + 52, -22 = 4*m - 6. What is the remainder when 175 is divided by z?
15
Let k(r) = -29*r - 46. Let l be k(-3). Suppose 0 = -20*f + l + 499. What is the remainder when 106 is divided by f?
25
Let s = -83 - -81. Calculate the remainder when 101 is divided by -5*(-3 + -1) + (-4 - s).
11
Suppose y - 1832 = -3*d - 1623, -3*y - 5*d = -599. What is the remainder when 747 is divided by y?
183
Let i be (-246)/82*584/(-6). Let p = i + -213. Calculate the remainder when p is divided by 20.
19
Suppose 13*p - 16*p = -36. Let b(n) = 3*n**2 + 4. Let m be b(-3). Calculate the remainder when (3 - 2)*(0 + m) is divided by p.
7
Suppose 8 - 194 = -3*x. Let l be 1*(0 + (-16)/4). Calculate the remainder when x is divided by (-38)/l + (-27)/18.
6
Suppose 262 = 2*b - 4*i - 90, -12 = -2*i. Calculate the remainder when 546 is divided by b.
170
Suppose -23 = -3*z + r, 5*r + 3 - 8 = 0. Calculate the remainder when 24 + 5/(10/4) is divided by z.
2
Suppose 4*o = 499 + 373. Let b = 229 - o. What is the remainder when 45 is divided by b?
1
Suppose 5*k - 9*k = -96. Suppose 48*h - k = 46*h. Calculate the remainder when h/((-2)/(-28)*4) is divided by 9.
6
Calculate the remainder when (7 - (-2076)/(-18))/(1/(-3)) is divided by 38.
21
Let o = 24 - 25. Suppose -458 - 60 = -14*x. What is the remainder when x is divided by (-8)/((8/20)/o)?
17
Let i(l) = -6*l**2 + 407*l + 110. Calculate the remainder when 2974 is divided by i(68).
34
Suppose a - 2*k - 8 = 3, 5*k = -15. Suppose 5*c - 15 = a. What is the remainder when 17 is divided by c?
1
Calculate the remainder when 408 is divided by 3 + 44 + -3 - (7 - 9).
40
Let t(g) = g**2 + 2*g - 13. Let l be t(-8). Suppose 3*d - 8*d - 125 = -5*w, 2*w = -3*d + l. Calculate the remainder when 130 + (-1 - 0) - -2 is divided by w.
21
What is the remainder when (-1 + 3)*((-3351275)/(-50))/37 is divided by 125?
123
Suppose 271*k + 1378 = 297*k. Calculate the remainder when 152 is divided by k.
46
Suppose 2*j + 2620 = 5*t, -28*j + 24*j = 5*t - 2620. Suppose 6*v - 578 = -t. What is the remainder when 26 is divided by v?
8
Let v = -5432 - -5461. Let z(c) = -6*c**2 + 2*c - 1. Let l be z(1). Let s = l - -13. Calculate the remainder when v is divided by s.
5
Suppose t = 5*t + 120. Suppose -98*q = -46*q - 22152. What is the remainder when q/5 - ((-42)/t)/7 is divided by 11?
8
What is the remainder when 777 is divided by (-5432)/(-63)*(-3)/(-10) + (-2)/(-15)?
23
Let c be (-51)/(-21) + -3 + (-18)/(-7). Suppose -5*n - 9 = v - 39, -4*n = c*v - 30. Suppose -10*u = -n*u - 60. What is the remainder when u is divided by 5?
2
Suppose -5*o + 53 = 4*x, -3*o + 5*x + 39 - 22 = 0. Suppose 0 = 3*y + o, 0 = 4*j - 24*y + 29*y - 45. What is the remainder when 16 is divided by j?
1
Let g(i) = -2*i**2 + 5*i + 7. Let y be g(3). Suppose d - 6*d - q = -200, -y*d + 2*q = -174. Calculate the remainder when 77 is divided by d.
36
Suppose 0 = -12*p + 25 + 119. Suppose i - 4*i - 63 = 0. What is the remainder when 106 is divided by p/(-28) - 261/i?
10
Let v = 146 + -99. Suppose -5*w - j - 4 = -39, 4*w = 3*j + v. What is the remainder when 82 is divided by w?
2
Let k(c) = 7*c + 5. Let r be k(10). Suppose -r = -h - 2*h. Let p = h + 3. What is the remainder when p is divided by 16?
12
Suppose -4*q - 5 = -5*q. Suppose 2*g + 21 = -q*g. Calculate the remainder when 30 is divided by (g + 44/16)*(-68 - 0).
13
Let i(m) = -m**2 + 100*m - 395. Calculate the remainder when i(52) is divided by 91.
8
Let q = -409 + 1131. Let r = q - 690. Calculate the remainder when 133 is divided by r.
5
Let f = -55 + 59. Let o(c) = -5*c**2 + 7*c - 2. Let s(i) = 14*i**2 - 20*i + 7. Let y(v) = f*s(v) + 11*o(v). What is the remainder when 39 is divided by y(4)?
9
Suppose 5*f - c - 134 = 0, -18*f + 19*f - 2*c = 16. Calculate the remainder when 1091 is divided by f.
27
Suppose 2*z = -5*d + 3142, -3*d + 5*d = -2*z + 3130. What is the remainder when z is divided by 129?
13
Suppose -8 = 91*o - 645. Suppose 4 = -4*x, 0*x + 226 = 5*n - x. What is the remainder when n is divided by o?
3
What is the remainder when 728 is divided by (497/35)/(4/(-10))*-2?
18
Let t(b) = 3*b - 2. Suppose 23 = -2*j + 97. Let w = j - 30. What is the remainder when t(7) is divided by w?
5
Let d(a) = 4*a**2 - 8*a + 9. Let k be d(1). Suppose 0 = 10*o - k*o - 2415. Calculate the remainder when o is divided by 18.
15
Let b(z) = z**2 + 15*z - 55. Suppose 2*j - 2*p + 50 = 0, -4 - 6 = -2*p. Let w = j + 32. What is the remainder when b(4) is divided by w?
9
Let h(m) = m**2 + 6*m + 1 - 4 - 10. Let q be h(-8). What is the remainder when (-238)/(-17) + q/1 is divided by 5?
2
Let u(i) = -3*i**2 - 68*i - 20. Let z be u(-31). Let c = -750 - z. Let d(g) = -g**3 + 7*g**2 - 6*g. Calculate the remainder when c is divided by d(4).
21
Let w(y) = y**3 + 58*y**2 + 52*y - 233. Calculate the remainder when 216 is divided by w(-57).
8
Let f be (-1)/(0 + (-6)/(-12)*-2). Suppose 0 = a - 10 - f. What is the remainder when 41 is divided by a?
8
Let n be -4*3/30*-5. Let a(u) = -u**2 - 2*u**2 - 217 + 214 + n*u + 8*u**3. Calculate the remainder when 207 is divided by a(2).
48
Suppose -338 = -2*m - 3*k, 2*m - 452 = 3*k - 138. Calculate the remainder when m is divided by 34.
27
Suppose 2*i - 1489 = -4*p + 669, 4*i = -28. What is the remainder when p is divided by 6?
3
Let j(y) = -y**2 + 26*y - 94. Let n be j(5). Suppose 0 = -n*w + 158 + 194. What is the remainder when w is divided by 5?
2
Let z be (-2)/14 + (-122)/(-14)*-53. Calculate the remainder when 549 is divided by (2/6)/((-14)/z).
10
Calculate the remainder when 70 is divided by (5 - -32) + 4 + (-21)/3.
2
Calculate the remainder when 455 is divided by 1 - 1 - 15*16/240 - -65.
7
Suppose -2*d + 2*h = 600 - 690, -5*h = 0. What is the remainder when 854 is divided by d?
44
Suppose -70*v + 2898 - 518 = 0. What is the remainder when 312 is divided by v?
6
Calculate the remainder when 33587 is divided by 11 - 57/((-399)/112).
26
Let g(r) = -19*r**2 + r**3 - 24*r**2 + 29*r**2 - 28*r - 11. Suppose 4*w - 27 = 3*w. What is the remainder when g(16) is divided by w?
26
Let n(w) = w**2 - 39*w - 277. What is the remainder when n(-53) is divided by 78?
75
Let o be (-26)/65 - 1337/(-5). Suppose 0 = o*d - 263*d - 2508. Calculate the remainder when d is divided by 30.
27
Let k = -5120 + 5187. Calculate the remainder when 481 is divided by k.
12
Let t(p) = -p**3 - 14*p**2 - 82*p - 692. Let u = -19 + 35. Calculate the remainder when u is divided by t(-12).
0
Let m = 18810 + -18615. Calculate the remainder when 2137 is divided by m.
187
Let c(n) = -n**3 - 6*n**2 - n + 6. Let w = -3730 - -3841. What is the remainder when w is divided by c(-6)?
3
Suppose 442 = 24*o + 346 - 1152. Suppose -672 = -4*q + 4*b, 3*q - 7*q = -5*b - 677. What is the remainder when q is divided by o?
7
Let j = -2209 + 2243. What is the remainder when 309 is divided by j?
3
Suppose 3*a - 2*u = 14, 15*u - 20 = -4*a + 17*u. What is the remainder when (-11)/((-88)/736) + 0 is divided by a?
2
What is the remainder when (-78)/10*(11 + -26) is divided by (-15)/((3/(-5))/((-12)/(-30)))?
7
Let q(m) = 7*m**2 - 651*m - 163. What is the remainder whe